ermine q(6).
-58
Let w(s) = s**2 + 25. Determine w(0).
25
Let z(o) = -2*o**3 - o**2 + o - 8. Determine z(0).
-8
Let a(w) = -w**3 + 5*w**2 + 7*w - 1. Calculate a(6).
5
Let n(l) = -5*l**2 - 66*l + 46. What is n(-14)?
-10
Let b(v) = 4*v - 8. Determine b(3).
4
Let g(m) = 4*m - 59. Determine g(13).
-7
Let q(a) = a**2 + 14*a + 25. What is q(-11)?
-8
Let i(u) = -8*u**3 + 2*u**2 - 1. Determine i(-1).
9
Let s(y) = -4*y - 3. Determine s(-9).
33
Let n(u) = -2*u**3 - u**2 - 3*u + 4. Give n(1).
-2
Let d(a) = -3*a. Give d(4).
-12
Let s(q) = -q**2 - 2*q + 3. What is s(2)?
-5
Let j(l) = -7*l - 45. Give j(-12).
39
Let c(d) = d**3 + 2*d**2 + d + 3. Give c(-5).
-77
Let b(c) = -156*c + 325. Determine b(2).
13
Let p(j) = j**2 + 34*j + 149. Determine p(-29).
4
Let x(j) = -34*j**3 + 3*j**2 + j. Give x(-1).
36
Let l(r) = -34*r. Give l(-2).
68
Let u(b) = -b**2 + 4*b + 3. Give u(5).
-2
Let w(j) = -j**2 - 29*j - 108. Determine w(-24).
12
Let n(w) = -3*w**2 - 53*w + 24. Give n(-18).
6
Let k(y) = -y**2 + 12*y + 25. What is k(12)?
25
Let v(m) = 3*m**2 - 25*m + 26. Determine v(1).
4
Let y(n) = -n - 6. Give y(-12).
6
Let f(r) = -r**2 + 13. Determine f(4).
-3
Let o(n) = -2*n**2 - 42*n - 39. Calculate o(-18).
69
Let p(h) = h**2 - 8*h - 14. What is p(7)?
-21
Let b(y) = -y**3 + 7*y**2 - 2*y - 8. Determine b(6).
16
Let i(r) = -2*r**3 + 86*r**2 + 2. Determine i(43).
2
Let c(u) = u**3 - 16*u**2 + 14*u + 26. What is c(15)?
11
Let b(p) = -p**3 + 12*p**2 + 12*p + 3. Determine b(13).
-10
Let u(n) = n**3 + 4*n**2 - 11*n - 6. What is u(-6)?
-12
Let t(o) = -o**2 + 10*o - 15. Give t(8).
1
Let n(l) = -15*l**2 + 1. Calculate n(-2).
-59
Let k(m) = 77*m. Determine k(1).
77
Let w(c) = -2*c**3 - 24*c**2 + 23*c + 10. Determine w(-13).
49
Let p(x) = 2*x**3 - 2*x**2 + 1. What is p(3)?
37
Let i(c) = -2*c + 50. Determine i(30).
-10
Let g(s) = -4*s + 98. What is g(26)?
-6
Let d(c) = 3*c**2 + 13*c - 12. Determine d(-7).
44
Let v(c) = -c**2 + 4*c + 39. Determine v(7).
18
Let q(p) = p**2 + 8*p + 4. Determine q(-3).
-11
Let n(t) = 21*t - 5. What is n(1)?
16
Let b(h) = -h**2 - 7*h. Calculate b(-5).
10
Let d(q) = -q**2 - 4*q - 19. Determine d(-5).
-24
Let n(l) = -l**3 + 4*l**2 + 5*l - 1. Determine n(5).
-1
Let n(g) = 2*g**3 + 8*g**2 + 2*g - 4. Calculate n(-3).
8
Let n(z) = 3*z - 34. Give n(7).
-13
Let k(b) = 2*b**3 - 39*b**2 + 21*b - 42. Calculate k(19).
-4
Let b(t) = t**2 + 19*t - 60. What is b(-22)?
6
Let p(h) = -6*h + 24. What is p(6)?
-12
Let d(j) = -7*j - 6. Calculate d(-4).
22
Let m(o) = -o**3 + 7*o**2 - 4*o - 6. Determine m(6).
6
Let k(u) = u**2 - 8*u - 5. Give k(8).
-5
Let d(a) = 3*a**2 + 13*a - 15. Give d(-7).
41
Let z(q) = -q**3 - 4*q**2 - 3*q - 3. Give z(-3).
-3
Let i(u) = -38*u - 1. Determine i(-1).
37
Let x(h) = 5*h. Determine x(2).
10
Let q(c) = 4*c**3 + 27*c**2 - 5*c + 14. Calculate q(-7).
0
Let p(x) = -x**3 + 10*x**2 + 16*x - 13. Calculate p(11).
42
Let y(a) = -a**2 + 13*a + 6. What is y(12)?
18
Let w(o) = o**2 + 14*o - 51. What is w(-17)?
0
Let k(d) = 11*d**2 + 3*d + 1. Give k(-3).
91
Let z(u) = u**3 + 4*u**2 - 17*u + 16. Give z(-7).
-12
Let i(f) = f**3 - 19*f**2 + 44*f + 59. Calculate i(16).
-5
Let d(n) = 2*n + 4. Calculate d(-7).
-10
Let o(c) = 2*c + 23. What is o(-13)?
-3
Let m(i) = -i - 10. What is m(-5)?
-5
Let b(w) = 7*w - 7. Determine b(8).
49
Let v(y) = -y**2 + 16*y - 9. Calculate v(16).
-9
Let v(c) = -2*c**2 + 50*c - 13. What is v(26)?
-65
Let m(s) = s**3 - 9*s**2 + 7*s + 18. What is m(8)?
10
Let i(x) = x**3 - 13*x**2 + 2*x - 33. Calculate i(13).
-7
Let y(f) = -22*f - 20. Give y(-3).
46
Let w(v) = 14*v - 21. What is w(-5)?
-91
Let z(r) = 2*r**3 - 10*r**2 + r - 7. What is z(5)?
-2
Let x(l) = -11*l - 169. What is x(-16)?
7
Let q(u) = u**3 - 2*u**2 - 2. Give q(2).
-2
Let h(r) = r**2 + 6*r - 20. What is h(-8)?
-4
Let g(a) = 2*a**2 - 119*a - 62. What is g(60)?
-2
Let y(j) = -2*j**2 + 51*j - 15. What is y(26)?
-41
Let p(j) = 5*j**3 - j. Determine p(1).
4
Let t(b) = b**2 - 5*b + 7. What is t(5)?
7
Let g(d) = 12*d - 22. Calculate g(5).
38
Let b(p) = -p + 91. Determine b(24).
67
Let q(s) = -3*s**3 + 3*s**2 + 4. Calculate q(3).
-50
Let u(w) = -9*w**2 - w + 2. What is u(-1)?
-6
Let p(t) = -5*t + 3. What is p(7)?
-32
Let q(s) = -s**2 - 6*s - 4. Determine q(-3).
5
Let a(y) = -y**2 - 4*y - 39. What is a(-5)?
-44
Let z(b) = -3*b**2 + 3*b + 2. Calculate z(3).
-16
Let y(a) = -7*a + 57. Give y(10).
-13
Let d(u) = u**2 - 7*u + 9. Determine d(8).
17
Let u(n) = n + 15. What is u(-13)?
2
Let w(v) = -9*v + 14. Calculate w(3).
-13
Let l(f) = 4*f + 17. Calculate l(-7).
-11
Let w(v) = v**2 - 13*v + 4. What is w(13)?
4
Let g(l) = 4*l - 8. Calculate g(4).
8
Let l(q) = -q**3 - 18*q**2 - 31*q + 14. What is l(-16)?
-2
Let n(q) = -q**3 - 2*q**2 + 7*q + 16. Calculate n(-2).
2
Let o(y) = -y**3 + 3*y**2 - 3*y + 12. Calculate o(0).
12
Let f(t) = -5*t - 6. What is f(-3)?
9
Let v(d) = -52*d**2 + 3*d - 1. Give v(1).
-50
Let b(h) = 5*h - 4. Give b(2).
6
Let l(m) = -2*m**2 - 4*m + 62. Determine l(5).
-8
Let n(k) = 3*k**2 + 48*k + 21. Calculate n(-16).
21
Let c(f) = -3*f + 98. Give c(30).
8
Let j(u) = -5*u + 1. What is j(-4)?
21
Let c(o) = -2*o**3 - 10*o**2 + 6*o - 4. Calculate c(-5).
-34
Let a(f) = -f**3 + 19*f**2 + 21*f - 20. Give a(20).
0
Let s(k) = 8*k + 61. What is s(-8)?
-3
Let q(b) = -2*b**2 + 71*b - 353. Give q(6).
1
Let a(g) = -g + 10. Calculate a(15).
-5
Let x(t) = 3*t**2 - t + 2. Calculate x(3).
26
Let q(n) = -n**3 - 4*n**2 + 11*n - 4. What is q(-6)?
2
Let g(y) = 6*y + 6. Calculate g(-3).
-12
Let j(l) = l**2 - 31*l - 262. Determine j(-7).
4
Let j(z) = 29*z - 105. Determine j(5).
40
Let u(b) = -b**2 - 10*b - 8. Give u(-7).
13
Let u(c) = c**3 + 6*c**2 - 34*c - 197. Give u(-5).
-2
Let p(y) = -22*y + 157. Calculate p(9).
-41
Let a(r) = 2*r**3 - 14*r**2 + r + 5. Calculate a(7).
12
Let a(p) = -p**3 - 4*p**2 + p + 10. What is a(-3)?
-2
Let h(w) = -w + 60. What is h(-7)?
67
Let d(u) = -u**3 - 24*u**2 - 2*u - 58. Calculate d(-24).
-10
Let r(y) = -2*y**3 - 15*y**2 - 5*y - 17. Calculate r(-7).
-31
Let w(s) = -10*s**2 + 44*s - 12. Determine w(4).
4
Let q(s) = 2*s - 4. What is q(4)?
4
Let h(y) = y**3 + 10*y**2 + 5*y - 6. Calculate h(-9).
30
Let y(p) = p**3 - 19*p**2 + 2*p + 3. Calculate y(19).
41
Let l(v) = -15*v - 372. Give l(-25).
3
Let o(c) = -c**3 - 6*c**2 - 7*c + 9. Give o(-4).
5
Let i(c) = 25*c**3 + 3*c**2 + 3*c + 1. Give i(-1).
-24
Let z(f) = 21*f + 237. Determine z(-11).
6
Let g(c) = -c**3 + 13*c**2 - 15*c + 2. Calculate g(12).
-34
Let u(h) = -h**3 - 24*h**2 + 55*h + 87. Give u(-26).
9
Let y(o) = o**3 - 13*o**2 - o + 8. Calculate y(13).
-5
Let y(z) = z + 7. Calculate y(8).
15
Let k(n) = n**3 + 24*n**2 - 20*n + 124. Determine k(-25).
-1
Let x(q) = -2*q - 9. Give x(-13).
17
Let c(g) = 2*g**3 + 28*g**2 + 4*g + 44. Give c(-14).
-12
Let o(a) = 32*a + 20. Determine o(3).
116
Let z(l) = -10*l**2 + 160*l - 5. Determine z(16).
-5
Let v(p) = -2*p**2 - 9*p - 11. Determine v(-9).
-92
Let q(y) = -38*y + 6. Give q(1).
-32
Let v(i) = -i**3 - 7*i**2 + 6*i - 10. What is v(-8)?
6
Let j(b) = b**3 - 8*b**2 - 37*b + 23. Give j(11).
-21
Let p(u) = -38*u**2 - u - 1. What is p(1)?
-40
Let h(n) = -n**3 - 4*n**2 + 6*n + 6. Calculate h(-5).
1
Let f(j) = 5*j**3 - 2*j**2 - 2*j + 14. What is f(3)?
125
Let j(t) = t**2 - 18*t - 8. What is j(18)?
-8
Let r(u) = -9*u + 8. Determine r(1).
-1
Let g(s) = s**2 + 4*s + 2. Calculate g(-7).
23
Let k(z) = -z**2 - 8*z - 6. Give k(-6).
6
Let v(s) = -s**3 - 11*s**2 - 20. What is v(-11)?
-20
Let l(q) = -9*q - 18. Determine l(-4).
18
Let d(p) = p**2 + p - 3. Calculate d(-5).
17
Let x(l) = -l**2 + 14*l + 4. Determine x(15).
-11
Let q(i) = i + 6. Calculate q(4).
10
Let l(z) = z**2 - 6*z - 3. Calculate l(-3).
24
Let z(w) = -w**3 + 2*w - 3. Calculate z(0).
-3
Let m(k) = 4*k**2 + 3*k. Calculate m(-2).
10
Let r(q) = 7*q**2 + 9*q - 15. Determine r(5).
205
Let u(n) = -n**3 - 8*n**2 - 6*n + 1. What is u(-7)?
-6
Let m(d) = -d**2 + 2*d + 2. Calculate m(-1).
-1
Let n(g) = 4*g + 2. Determine n(-8).
-30
Let j(i) = -i**3 + 8*i**2 + 10*i + 4. Give j(9).
13
Let p(k) = -28*k - 12. Calculate p(-2).
44
Let w(s) = 21*s - 294. Give w(14).
0
Let d(i) = i**3 - i**2 - 13*i + 5. Give d(4).
1
Let o(h) = h**3 + 9*h**2 - h - 2. Give o(-9).
7
Let n(m) = -6*m + 7. What is n(4)?
-17
Let w(c) = -3*c**2 - 13*c - 12. Calculate w(-4).
-8
Let d(